3
What are the prime factors of 937424170?
2, 5, 1471, 63727
List the prime factors of 407552546.
2, 19, 41, 261587
What are the prime factors of 997438454?
2, 31, 131, 227, 541
What are the prime factors of 3972160?
2, 5, 12413
What are the prime factors of 5094099249?
3, 17, 5875547
What are the prime factors of 114973617?
3, 11, 19, 233, 787
What are the prime factors of 305035272?
2, 3, 19, 222979
What are the prime factors of 326108351?
13381, 24371
What are the prime factors of 78819512?
2, 9852439
What are the prime factors of 189326913?
3, 2113, 29867
List the prime factors of 1070153614.
2, 23, 67, 347227
List the prime factors of 755377630.
2, 5, 7, 109, 14143
What are the prime factors of 443765206?
2, 221882603
What are the prime factors of 76242088?
2, 13, 733097
List the prime factors of 26631776.
2, 131, 6353
What are the prime factors of 1545527921?
7, 1193, 185071
List the prime factors of 284397372.
2, 3, 7, 61, 881
List the prime factors of 1797596106.
2, 3, 299599351
List the prime factors of 310430349.
3, 34492261
List the prime factors of 140067074.
2, 7, 2617, 3823
List the prime factors of 1874790624.
2, 3, 7, 53, 52639
What are the prime factors of 53779878?
2, 3, 2987771
List the prime factors of 70057065.
3, 5, 13, 359267
List the prime factors of 86183057.
61, 1412837
What are the prime factors of 290670800?
2, 5, 7, 103811
What are the prime factors of 79466260?
2, 5, 677, 5869
List the prime factors of 74563564.
2, 17, 419, 2617
What are the prime factors of 201563245?
5, 13, 1621, 1913
List the prime factors of 285556138.
2, 7, 20396867
List the prime factors of 442933558.
2, 113, 1959883
List the prime factors of 3053446814.
2, 11, 138793037
What are the prime factors of 227078496?
2, 3, 788467
List the prime factors of 150041578.
2, 47, 61, 137, 191
List the prime factors of 6080527.
6080527
List the prime factors of 10649204.
2, 127, 20963
What are the prime factors of 50261194?
2, 19, 61, 21683
List the prime factors of 177167344.
2, 23, 481433
What are the prime factors of 3054775874?
2, 2293, 666109
List the prime factors of 1101273681.
3, 223, 1646149
What are the prime factors of 109687103?
167, 656809
List the prime factors of 541166690.
2, 5, 31, 1745699
List the prime factors of 61133112.
2, 3, 181, 4691
What are the prime factors of 205720548?
2, 3, 11, 29, 61, 881
List the prime factors of 27299669.
197, 138577
List the prime factors of 357615009.
3, 17, 53, 44101
What are the prime factors of 3271922369?
27901, 117269
List the prime factors of 2053708755.
3, 5, 7, 23, 850397
List the prime factors of 398018048.
2, 71, 10949
List the prime factors of 2569078295.
5, 7, 73402237
What are the prime factors of 528005040?
2, 3, 5, 17, 127, 1019
What are the prime factors of 239460040?
2, 5, 19, 163, 1933
What are the prime factors of 6723295?
5, 79, 17021
List the prime factors of 191239318.
2, 43, 2223713
What are the prime factors of 3459744685?
5, 3067, 225611
What are the prime factors of 868004968?
2, 19, 503, 11353
List the prime factors of 5521745523.
3, 7, 6997, 37579
List the prime factors of 233679898.
2, 19, 61, 100811
List the prime factors of 642778258.
2, 321389129
What are the prime factors of 25710820?
2, 5, 29, 97, 457
What are the prime factors of 88942833?
3, 7, 470597
What are the prime factors of 200834344?
2, 23, 103, 10597
What are the prime factors of 53930639?
7, 2609, 2953
What are the prime factors of 1591790270?
2, 5, 7, 433, 52517
List the prime factors of 21481402.
2, 23, 29, 16103
What are the prime factors of 26449814?
2, 47, 281381
What are the prime factors of 25536092?
2, 131, 48733
List the prime factors of 615290453.
499, 1233047
List the prime factors of 2408342441.
163, 3271, 4517
What are the prime factors of 29331155?
5, 7, 19, 6301
List the prime factors of 53428159.
31, 1723489
What are the prime factors of 8654200?
2, 5, 43271
List the prime factors of 2081832.
2, 3, 86743
List the prime factors of 87136404.
2, 3, 43, 168869
What are the prime factors of 471620943?
3, 52402327
What are the prime factors of 227002199?
41, 5536639
What are the prime factors of 248875930?
2, 5, 24887593
List the prime factors of 2398115145.
3, 5, 159874343
What are the prime factors of 1466881456?
2, 139, 659569
List the prime factors of 2105232482.
2, 5641, 186601
What are the prime factors of 404313497?
7, 2111, 27361
List the prime factors of 1019285615.
5, 227, 367, 2447
List the prime factors of 534151476.
2, 3, 1151, 4297
What are the prime factors of 3016381031?
29, 379, 274441
List the prime factors of 2189656997.
11, 827, 240701
What are the prime factors of 552971235?
3, 5, 167, 220747
List the prime factors of 851402046.
2, 3, 11, 19, 678949
List the prime factors of 136939587.
3, 45646529
What are the prime factors of 461490808?
2, 57686351
List the prime factors of 397305498.
2, 3, 41, 181, 8923
What are the prime factors of 3708231587?
83, 538283
What are the prime factors of 1388159924?
2, 347039981
List the prime factors of 31981644.
2, 3, 193, 4603
List the prime factors of 20605546.
2, 13, 792521
List the prime factors of 1511589.
3, 17, 107, 277
List the prime factors of 61826692.
2, 15456673
What are the prime factors of 1013759876?
2, 8923, 28403
What are the prime factors of 28600958?
2, 59, 163, 1487
List the prime factors of 72175783.
773, 93371
List the prime factors of 519666935.
5, 223, 466069
What are the prime factors of 342218119?
307, 3631
What are the prime factors of 425899805?
5, 85179961
What are the prime factors of 237790694?
2, 109, 1090783
What are the prime factors of 21157064?
2, 911, 2903
What are the prime factors of 252571004?
2, 7, 23, 173, 2267
List the prime factors of 1119009363.
3, 23, 97, 167191
What are the prime factors of 50776196?
2, 12694049
List the prime factors of 14278326.
2, 3, 2379721
What are the prime factors of 2884341812?
2, 11, 61, 1074643
What are the prime factors of 3686369925?
3, 5, 7, 7021657
List the prime factors of 2493214202.
2, 1246607101
List the prime factors of 519386794.
2, 59, 311, 14153
What are the prime factors of 72875777?
13, 5605829
What are the prime factors of 69984824?
2, 7, 13, 251, 383
List the prime factors of 65955915.
3, 5, 79, 18553
What are the prime factors of 1180327358?
2, 7, 84309097
What are the prime factors of 86815687?
7, 12402241
List the prime factors of 475726226.
2, 859, 276907
What are the prime factors of 139320570?
2, 3, 5, 53, 87623
List the prime factors of 53067552.
2, 3, 552787
List the prime factors of 288612636.
2, 3, 13, 97, 19073
List the prime factors of 67966407.
3, 59, 127997
What are the prime factors of 541014675?
3, 5, 71, 101599
List the prime factors of 25013764.
2, 6253441
What are the prime factors of 150119713?
197, 863, 883
What are the prime factors of 797956?
2, 199489
What are the prime factors of 57568830?
2, 3, 5, 11, 43, 4057
List the prime factors of 90984725.
5, 13, 71, 3943
List the prime factors of 11360315.
5, 29, 78347
What are the prime factors of 34596675?
3, 5, 153763
What are the prime factors of 1430443556?
2, 2729, 131041
What are the prime factors of 1551588553?
1551588553
What are the prime factors of 694050738?
2, 3, 17, 6804419
What are the prime factors of 2619149816?
2, 367, 691, 1291
List the prime factors of 1328059097.
14759, 89983
What are the prime factors of 1542276841?
7, 220325263
List the prime factors of 6969573135.
3, 5, 7, 22125629
What are the prime factors of 1146225101?
7, 23392349
What are the prime factors of 3020090885?
5, 7, 17, 29, 181, 967
What are the prime factors of 315220245?
3, 5, 31, 61, 11113
List the prime factors of 529408182.
2, 3, 88234697
List the prime factors of 302758496.
2, 9461203
List the prime factors of 4757682938.
2, 2378841469
What are the prime factors of 713180527?
23, 41, 756289
What are the prime factors of 591730796?
2, 53, 2791183
List the prime factors of 117207975.
3, 5, 101, 15473
What are the prime factors of 142701582?
2, 3, 307, 77471
What are the prime factors of 1822580?
2, 5, 91129
What are the prime factors of 1524813817?
503, 571, 5309
What are the prime factors of 1092522482?
2, 1321, 413521
What are the prime factors of 100525097?
17, 5913241
What are the prime f